2 = 286. What is the units digit of q?
6
Suppose y + 132 = 5*i, 4*i - 4*y + 0*y = 112. Suppose 0 = 4*l + 14 - i. Suppose -5*t + 92 = -3*k + 5*k, 0 = l*t. What is the tens digit of k?
4
Suppose 0 = -m - 5, 4*z - 3286 = -0*m - 2*m. What is the hundreds digit of z?
8
Suppose 0 = 4*f - 3030 - 3670. What is the thousands digit of f?
1
Let k = -68 - -100. Let w = k + -21. What is the tens digit of w?
1
Suppose -13*g + 8361 = -1220. What is the hundreds digit of g?
7
Let q(u) be the second derivative of 0 + 1/2*u**4 - 1/20*u**5 - 13/2*u**2 - 10*u + 2/3*u**3. What is the units digit of q(6)?
1
Let u(m) = -272*m + 360. What is the tens digit of u(-15)?
4
Let q(y) = -y**3 - 2*y**2 - 2*y - 2. Let l be q(-2). What is the tens digit of ((-251)/l)/(20/(-40))?
5
Suppose -4*z + 2*s + 619 = -3*s, 0 = 2*z + s - 313. What is the units digit of z?
6
Let i(b) = 6*b**2 + 8*b - 110. What is the hundreds digit of i(14)?
1
What is the tens digit of 77 - (-12 - (-1 - 5))?
8
Let k = -1239 + 2607. What is the tens digit of k?
6
What is the units digit of (-768 + (-21 - -7))*(-4 - -2)?
4
Let b(h) = 21*h - 6. What is the tens digit of b(12)?
4
Suppose -2*t + 7*g - 3*g = 12, 0 = -5*t + 4*g - 6. Suppose l = 5*l - t*s - 96, -5*l - s = -134. Suppose 0 = k - l + 7. What is the units digit of k?
9
Let j(q) = 2*q**2 - q + 4. Let w be j(4). Suppose -6*a = -2*a + w. What is the units digit of (34/a)/((-1)/8)?
4
Let n = 6 - 1. Suppose -5*i - 4*f + 237 = -f, 0 = 2*i - n*f - 101. Suppose 5*u - u - i = 0. What is the tens digit of u?
1
Let p(b) = -b - 2. Let o be p(-5). Suppose o*t + 70 = 4*t. What is the tens digit of t?
7
Let k = 23 - 27. Let u = k + -2. What is the tens digit of 16/(-12) - 182/u?
2
Let s(u) = u**3 + u**2 + 5*u + 14. What is the tens digit of s(9)?
6
Suppose -2 = -2*v - 3*h, -v + 4*h = -2*v - 4. Suppose -3*b + 21 = 3*f, -5*b - v*f + 38 = 4. Suppose c - 19 = b. What is the tens digit of c?
2
Let c be (-2)/7 + 64/28. Let l(t) = -c + 3*t - 4 - 4 + 3. What is the units digit of l(5)?
8
What is the units digit of -404*(6 - (-100)/(-16))?
1
Let r(m) = 9*m - 3. Let o be r(2). Let j be 1*-1 - o/5. What is the units digit of (2 + 6/j)*38?
9
Let d(x) = -3*x**2 + 2*x + 2. Let z be d(-2). Let h(k) = k**2 + 15*k + 14. Let r be h(z). Suppose -5*t + 4*t + 17 = r. What is the tens digit of t?
1
Let g(t) = 563*t + 387. What is the units digit of g(3)?
6
Let f = 36 - 34. What is the units digit of 20/(-8)*(8/(-5))/f?
2
Let j(n) = -16*n**2 - 6*n - 1. Let a(d) = 15*d**2 + 5*d. Let z(k) = 4*a(k) + 3*j(k). What is the hundreds digit of z(3)?
1
Suppose 3*i = -3*o - i + 641, i = -4*o + 833. Suppose -o = -4*s + 153. What is the tens digit of s?
9
Let u(m) = 22*m**2 + 23*m - 140. What is the hundreds digit of u(5)?
5
Suppose -9*v = -2*v - 21. Suppose -4*f = -v*f - 46. What is the tens digit of f?
4
Let y = -73 - -72. What is the units digit of (2 - (2 - y))/((-2)/268)?
4
Suppose -41*p = p - 2226. What is the tens digit of p?
5
Let r(w) = 1041*w + 159. What is the tens digit of r(2)?
4
Suppose -6*a - 5*k + 2037 = 0, 3*a - 999 = 3*k + k. What is the tens digit of a?
3
Let g(v) = 3*v + 18. Let b be g(-8). Let a = b + 12. What is the units digit of ((-2)/a)/((-5)/570)?
8
Suppose -m - 2*q - 9 = -4*q, -2*m - 33 = q. Let i be (-70)/m - (-6)/(-9). Suppose -t + 205 = i*t. What is the tens digit of t?
4
Suppose 5*x + 11*s = 13*s + 5633, 0 = 7*x + 5*s - 7894. What is the tens digit of x?
2
Suppose -4*n = -3*x - 2263 + 6466, -n - 4212 = -3*x. What is the thousands digit of x?
1
Let x(z) = 21*z**2 - z. Let i be x(-1). Let c(u) = 7*u + 46. Let v be c(-6). Let a = i + v. What is the tens digit of a?
2
What is the units digit of ((-5)/5 - -5) + 264?
8
Let f = -1209 - -1917. What is the tens digit of f/9 + 4/(-6)?
7
Let r be -41 + 28 - (-1)/(1/4). What is the tens digit of (-4)/(12/r) + 65?
6
Suppose 410 = k - 5*m, 4*m = -2*k + 678 + 142. What is the units digit of k?
0
Let d be (12/8)/(9/672). What is the units digit of 5/(-15) - d/(-12)?
9
Let y = 1772 - 530. What is the thousands digit of y?
1
Suppose -4*u + 3803 = 3*d + 1058, 0 = 3*u - d - 2075. What is the tens digit of u?
9
Let g be (-35)/(-15) + (-2)/6. Suppose 11*x - 7*x = 0. Suppose g*y - 52 - 46 = x. What is the tens digit of y?
4
Let s = -10 + 10. Suppose y - 5*q - 71 = s, -3*y - q = -84 - 49. What is the units digit of y?
6
Suppose 5*x + 91 = 791. What is the hundreds digit of x?
1
Let u be 6/(-4)*7008/(-9). What is the tens digit of (u/(-20))/(-4*(-4)/(-40))?
4
Let t = -1009 - -2223. What is the thousands digit of t?
1
Let c be 4/(2 - 48/26). Suppose -2*w + 28 = -3*z, 2*w + z - 36 = -0*w. Suppose q - c = g, -q + 2*q + 2*g = w. What is the units digit of q?
3
Suppose 2 = 5*h - 23. Suppose 0 = -3*c + h*c - 8. What is the units digit of -6 + c + -2 + 54?
0
Suppose -z - 2*d + 304 = 0, 1123 + 63 = 4*z - 2*d. What is the units digit of z?
8
Let x = -46 - -54. Let z = x - -36. What is the tens digit of z?
4
Suppose -3418 = 11*n - 45394. What is the tens digit of n?
1
Suppose 0 = 4*f + 3*q - 85, 7 = -f + 2*f - 4*q. Let g = -1 - -3. Suppose -h = -g*h + f. What is the units digit of h?
9
Suppose 23*h = 18*h + 1290. Suppose -4*w + h = -262. What is the tens digit of w?
3
Let w(h) = -h**3 + 8*h**2 + 2*h + 1. Let d be w(7). Suppose a = d - 20. Let c = a - 23. What is the tens digit of c?
2
Let j = -5554 + 10546. What is the units digit of j?
2
Let t = -2830 + 4184. What is the hundreds digit of t?
3
Let d(x) = 11*x**2 + 5*x - 9. Let n be d(-6). Suppose -5 = 5*c, 2*g - n = -2*g - 3*c. What is the units digit of g?
0
What is the tens digit of ((-610)/(-244))/((-2474)/(-1236) + -2)?
4
Suppose 5*x - 16655 = -u, 23*x = 25*x + 4*u - 6680. What is the thousands digit of x?
3
Let v be (4/(-8) + 1)*-6. Let c be -2 - (-5 - -2 - v). What is the units digit of c + 1/((-3)/(-66))?
0
Let h(z) = z**2 + 19*z + 22. Let c(m) = -m**2 - 6*m - 18. Let d be c(-6). What is the units digit of h(d)?
4
Let m(d) = 15*d - 21. What is the tens digit of m(18)?
4
Let f(p) = 13*p**2 + 4*p - 76. What is the units digit of f(8)?
8
Let f(c) = c + 11. Let k be f(-7). Suppose 45 + 99 = -8*m. What is the units digit of (-3)/6 - m/k?
4
Suppose 8887 = 18*x - 7115. What is the hundreds digit of x?
8
Let v(y) = 8*y - 1. Suppose 0 = 4*d - 5*r + 14, -d + 0*r + 1 = r. Let a be v(d). What is the units digit of 3*6 - (a - -7)?
0
Let a = 247 - -2. What is the hundreds digit of a?
2
What is the tens digit of (7125/(-20))/(-4*9/96)?
5
Suppose 6*c - 600 = 336. Suppose 0*s - 4*s + c = 0. What is the tens digit of s?
3
Let p = 678 + -207. What is the hundreds digit of p?
4
Let f = 36 - 33. Let h be (-1999)/(-2) + f/2. What is the units digit of (h/52)/((-2)/(-8))?
7
Let v be (-1 - 0) + (-5 - -6). Suppose -22 = -5*q - a, -a + v = -2. Let s(o) = -o**2 + 8*o + 5. What is the tens digit of s(q)?
2
Suppose -27573 = 57*n - 100704. What is the thousands digit of n?
1
Let u = -156 + 156. Suppose u = 14*k - 18*k + 52. What is the tens digit of k?
1
Let q(s) = -s - 9. Let a be -1 - -1 - (2 - -7). Let y be q(a). Suppose 4*g = -2*i + 60 - 12, -5*g = y. What is the tens digit of i?
2
Suppose x - 386 = -w, 4*w + 2*x = -3*x + 1539. What is the tens digit of w?
9
Let t(u) = 30*u - 21 - 18 - 12. What is the tens digit of t(9)?
1
Let d(y) = -y**2 + 11*y + 12. Let i be d(12). Suppose i = h - 2*h - 2. What is the units digit of (11/22)/((-1)/h)?
1
Let t be (4/((-40)/6) - 0)*-5. Suppose 5 = 2*z - t*z, 2*p - z = 9. What is the units digit of p?
2
What is the thousands digit of (-5676)/(-3) - (-40)/(-5)?
1
Let b = -2701 + 4881. What is the tens digit of b?
8
Suppose 2*c - 3*n - 459 = 454, 3*c + 3*n - 1347 = 0. What is the units digit of c?
2
Let f = 11 + 927. What is the tens digit of f?
3
Suppose c = -3*k + 63, -2*c - 44 = -4*k + 50. What is the tens digit of k?
2
Let r be ((-4)/6)/(16/(-120)). Suppose -3*v + 10 = 5*z, 4*v - 3*v - 10 = -3*z. Suppose z*t + r*d = 4*t + 12, -5*t = -3*d - 144. What is the units digit of t?
7
Let d be (-5)/(-2)*6/15. Let z(n) = 25*n + 6. Let h(k) = 1. Let i(c) = d*z(c) - 5*h(c). What is the tens digit of i(1)?
2
Let w(k) = -k**3 + 8*k**2 + 15*k - 11. Let l be w(9). Let v = -37 + l. What is the units digit of v?
6
Suppose -7*r + 2084 = -5609. What is the thousands digit of r?
1
Suppose 0*c - 2223 = -